rime number?
True
Suppose 6*j = -3*w + 2*j + 130, 54 = w - 4*j. Suppose 1208 = 5*a - 0*u + u, -488 = -2*a - 2*u. Let g = a + w. Is g a composite number?
True
Let d(x) = 3*x**2 + 13*x + 4. Let i be d(-4). Suppose 5*m + 2622 - 18357 = i. Is m a prime number?
False
Suppose 4*h - 6 = 6*h. Let q(b) = 559*b**2 - 3*b - 8. Let t be q(h). Suppose -4*a + t = 3*y + 401, -2*y = -2. Is a a prime number?
False
Is -2 - -1*-4*(-48543)/44 a composite number?
True
Suppose 0 = -4*t + 111 - 71. Let c(k) = 65*k**2 + 40*k - 167. Is c(t) a composite number?
False
Let i be ((-4851)/(-396) - 6/(-8)) + -3. Let d = 1 + 0. Is 86/i - (35/(-25) + d) a composite number?
True
Let k = -316 + 666. Suppose -k = -w + 5*s, 0*w + 3*s + 1860 = 5*w. Let g = w + -158. Is g a composite number?
True
Let b(n) = -138*n**2 + 20*n + 73. Let d(p) = -70*p**2 + 10*p + 37. Let w(j) = -4*b(j) + 7*d(j). Is w(10) prime?
True
Is 4 + -3 + -4 + 185102 a composite number?
False
Suppose -27*w + 24501 = 567957. Let m = -10529 - w. Is m prime?
False
Let u(f) = -2*f**3 - 16*f**2 + 17. Let d(j) = -j**2 - 6*j + 3. Let w be d(2). Is u(w) a composite number?
True
Suppose 2*f = o + 38 - 3895, -19285 = -5*o + f. Let q = 5688 - o. Is q a composite number?
False
Suppose b + 3*m = 791, 11*b - 6*b = -m + 3927. Is b prime?
False
Let a(n) = -30*n**3 + 7*n**2 + 5*n - 13. Let i be a(-5). Let q = i + -1650. Is q composite?
False
Suppose -5*j - 15 = -5*w, 0*w = w + 4*j + 12. Suppose -39*l + 42*l - 2493 = w. Is l a prime number?
False
Let i(d) = -3*d**3 - d**2 - d. Let j be i(-2). Suppose -2*c - 3*l = -6, c = l - 5*l + 8. Suppose -11*v + j*v - 1727 = c. Is v prime?
True
Suppose -6*v = 4*y - v + 18057, 0 = -2*y + v - 9011. Let o = 7155 + y. Is o a composite number?
False
Suppose 4*c = -8 - 0. Let f be 4 + 1455/((-2)/c). Suppose -4*j + 1439 = 5*y, y - j - f = -4*y. Is y prime?
False
Let m be 7*(-12)/(-63) - (-2)/3. Suppose 21120 + 2804 = m*i. Is i a composite number?
True
Let a(u) = -2371*u + 205. Let b be a(-6). Suppose -5339 = -6*p + b. Is p a prime number?
False
Suppose -21*i + 99 + 6 = 0. Suppose 18496 = i*a + 4191. Is a prime?
True
Let a(v) = -3371*v + 1590. Is a(-13) a prime number?
True
Suppose 47 = -2*g + 51. Let o be g/(-3)*(-11721)/2. Suppose 0 = 5*r + 2*i - 3901, 2*r - 7*r + i = -o. Is r composite?
True
Let b be 38576/5 - 41/205. Suppose 541*z = 546*z - b. Is z a prime number?
True
Let m(v) = 2*v**3 - 2*v**2 + 7*v - 16. Let d be m(2). Let x(b) = 54*b - 25. Is x(d) composite?
True
Let b be 12/(-12) + (-3)/(-3). Suppose -183 - 69 = -m - p, -2*m + 4*p + 498 = b. Is m a composite number?
False
Let t be ((-72)/(-15))/(1/5). Let g be 308/t + (-2)/(-12). Suppose -5*i + 6*i = g. Is i a prime number?
True
Suppose -3 = -3*k - 5*o, -3*o = 3*k - 8*o - 33. Is 1355 + 9/k*4 composite?
False
Let i(s) = 9*s**3 - 8*s**2 - s + 3478. Let f(p) = -4*p**3 + 3*p**2 - 1739. Let j(m) = -7*f(m) - 3*i(m). Is j(0) composite?
True
Let v = 147038 + 5579. Is v composite?
False
Let h = 29931 - 17601. Suppose g - 3*i = h, 0*i + 12329 = g - 2*i. Suppose -4*n - 3*n + g = 0. Is n a composite number?
True
Let d be 4/14 - -22*36/168. Suppose -5*m = 2*l - 57737, 46176 = -15*m + 19*m + d*l. Is m a composite number?
False
Suppose 5034 = 9*d - 3*d. Is 4/(4/d)*-1*-3 composite?
True
Suppose 0 = -0*q - 4*q + 44. Let w(o) = -4*o + 73*o**3 + 5 - 10*o + q*o. Is w(3) a composite number?
True
Suppose -3*c - g = -243163, 3*g - 5131 = -5119. Is c a prime number?
False
Let w = 388641 - -22592. Is w prime?
True
Let u(n) = 151*n - 367. Let p be u(3). Suppose y - 3*y = -18856. Suppose 82*k + y = p*k. Is k prime?
True
Let q(v) = -v + 15. Let w be q(15). Suppose -c = p - 58, 5*c + w*p - 4*p = 263. Suppose m - c = 196. Is m a prime number?
True
Let q = 22223 - -24296. Is q composite?
True
Let h be (1/(-3))/(3/(-18)). Let r be -6*6*10/(-120). Suppose -3*i + r*b + 6998 = h*b, 3*b = 3. Is i a composite number?
False
Let m be 30/40 - (30554/(-8) - -1). Let b = 13898 - m. Is b composite?
False
Suppose -7*k = k - 2296. Suppose -k*j + 286*j = -211. Is j composite?
False
Suppose 21*h - 143 = -143. Let v(y) = 0*y + 412 - 147 - y + y**2. Is v(h) a prime number?
False
Suppose -2*q + 3*s = -75, 12 = 6*s - 2*s. Let f = -30 + q. Suppose f*v - 5*v = 43001. Is v a prime number?
True
Let q(m) = m**3 - 12*m**2 - 29*m + 20. Let h be q(14). Let f be (-190162)/(-21) + (-2)/6. Suppose h*v - f = v. Is v composite?
False
Let n(k) = 7*k**3 - 2*k**2 - 3. Let m be 3 - (-3 - 0)/1. Suppose 2*r = -i + 11 - 6, 0 = -3*r - 2*i + m. Is n(r) a prime number?
False
Suppose -25*s + 1577326 = -23*s - 2*c, 10 = 5*c. Is s a composite number?
True
Let s(n) = -2*n + 58. Let i be s(22). Suppose -l = i*l - 39135. Is l composite?
False
Is (-9360)/1040 - (4085607/(-9) + (-2)/(-6)) prime?
False
Let o = 173 + -168. Suppose 221 = -o*s + 966. Is s a prime number?
True
Is (-3)/(-6) - (-1229096)/48*3 a prime number?
True
Let n(y) = -y - 1. Let g be n(-6). Let o(f) = 56*f**2 + 15*f - 57. Is o(g) a prime number?
False
Suppose -w = -121 + 1846. Let z be (4 - w/10)/((-1)/(-6)). Suppose -z = -7*s + 23140. Is s prime?
True
Suppose -2*d - 28*d + 562890 = 0. Is d prime?
False
Let u = 246 + 368. Is u a prime number?
False
Let u(a) = 63*a + 569. Let d be u(-9). Suppose 2*o + 2*o - 2504 = 0. Suppose d*v + o = 4924. Is v a prime number?
False
Is (-19553492)/8*(-14)/49 a composite number?
False
Suppose -3*w - 2*p + 5503 = 0, -76*w + 1834 = -75*w + p. Let a = 13415 - 8912. Suppose -a = -4*f - w. Is f composite?
True
Let f(m) = 140*m**2 + 12*m + 35. Is f(-16) a prime number?
False
Suppose -y = 5*k - 55892 - 22135, 5*k = 4*y - 312008. Is y composite?
False
Let g(m) = 30946*m - 3069. Is g(20) a composite number?
True
Let m = -20 + 30. Let k be (-8 + m)*(0 - (-233 + 0)). Suppose -2*q = -4*q + k. Is q a composite number?
False
Suppose 4936*m = 4952*m - 447184. Is m a prime number?
False
Suppose 97 - 9 = 8*k. Suppose k*i = 3727 + 12080. Is i prime?
False
Let x(z) = -z**3 + 46*z**2 - 49*z + 53. Is x(-10) a prime number?
True
Let c be 6/10 + -3*12/(-15). Suppose 0*o = -3*k - o - 16, 0 = c*k - 3*o + 24. Let d(t) = -44*t - 13. Is d(k) a composite number?
False
Let g(d) = 2*d**2 + 28*d - 9. Let q(i) = -i**2 + i + 1. Suppose 0 = 3*x + 4*a - 3, -5*x + 4 = -x - 3*a. Let v(l) = x*g(l) - 4*q(l). Is v(-11) composite?
False
Suppose 21930*r - 64 = 21938*r. Let p(c) be the second derivative of -c**5/20 - c**4/2 - 11*c**3/6 - 5*c**2/2 + c. Is p(r) composite?
False
Let c = 211 - 208. Suppose -12 = c*s, 4*u = 5*s - s + 14876. Is u a composite number?
True
Suppose 1283*w - 294 = 1332*w. Let j(t) = 3 - 962*t - 13 - 7. Is j(w) prime?
False
Let y(r) = 45*r**2 - 5*r - 23. Let l be y(-3). Suppose -3226 = -3*u - 946. Suppose -z + l = -u. Is z composite?
True
Let w be (-39)/(-65) + (-418)/5. Let o = w - -50. Is (-2 + o/(-6))/(1/358) a composite number?
True
Suppose 0*u + 5*u = 70. Let k be (-10)/20 + u/4. Suppose k*z + 66 = 1107. Is z a prime number?
True
Suppose 2032820 + 5060286 = 57*w - 8187511. Is w composite?
True
Let a(n) = 2*n**3 - 2*n**2 - n - 3. Let o be a(2). Suppose -4*g - 6637 = -y + 694, 36724 = 5*y + o*g. Is y a composite number?
True
Suppose 80 = 4*j + 4*v, 0 = -j + 4*v - 3 + 8. Let r(i) = 3*i**3 + 21*i**2 - 17*i - 12. Is r(j) prime?
True
Let a(m) = -25*m - 62. Let w be a(-3). Suppose 0 = 17*l - w*l - 17876. Is l a prime number?
False
Suppose 6 = -2*x + a, 3*x - 4*a = -5 - 4. Let j(n) = 15*n**2 + 4. Let q(i) = 52*i**2 + i + 12. Let v(s) = -8*j(s) + 3*q(s). Is v(x) a composite number?
True
Suppose 3*y - 3*u = 695991, 4*y = -4*u + 5*u + 928006. Is y a composite number?
False
Let n(v) = -2594*v - 1005. Is n(-23) a composite number?
False
Suppose 15*z + 0*z + 2*z - 222581 = 0. Is z a prime number?
True
Suppose 0 = -3*o - 4*l + 18, -5*o + 3*l + 1 = -0. Suppose 2*n - 4*s = 8885 + 19537, -28410 = -o*n + s. Is n composite?
True
Let g = -4 - 14. Let n be 15*-1*6/g. Suppose -c + 132 - n = 0. Is c composite?
False
Suppose 5*z - 2989269 = -4*h, -86*z + 84*z + 3*h = -1195703. Is z a composite number?
False
Let i(c) = -c**3 + 78*c**2 - 146*c + 145. Is i(52) composite?
True
Let r = 360123 - 138122. Is r a prime number?
False
Let j = -1680 - -3350. Let a = 2371 - j. Is a composite?
False
Let x be 5*(-10 + 7 - -2). Is -3*(x + 15664/(-24)) a prime number?
True
Let 